{"id":89,"date":"2021-02-15T14:17:08","date_gmt":"2021-02-15T13:17:08","guid":{"rendered":"https:\/\/mdkmlawa.com\/turysta\/?page_id=89"},"modified":"2022-03-18T15:07:23","modified_gmt":"2022-03-18T14:07:23","slug":"oferta-wycieczkowa","status":"publish","type":"page","link":"https:\/\/mdkmlawa.com\/turysta\/atrakcje\/oferta-wycieczkowa\/","title":{"rendered":"Oferta wycieczkowa"},"content":{"rendered":"\n<p>Stary Rynek to bij\u0105ce serce ka\u017cdego miasta, miejsce spotka\u0144 mieszka\u0144c\u00f3w i historyczne centrum, nosz\u0105ce w sobie zapis wydarze\u0144 sprzed kilku wiek\u00f3w. Niezmiennie od lat jest punktem postoju na mapie podr\u00f3\u017cy ka\u017cdego zapalonego wycieczkowicza. W M\u0142awie stanowi on niezaprzeczaln\u0105 atrakcj\u0119 turystyczn\u0105, albowiem w\u0142a\u015bnie tu przez stulecia skupia\u0142o si\u0119 \u017cycie towarzyskie i rozwija\u0142 lokalny handel. Ka\u017cdy zachowany do dnia dzisiejszego zabytek to nie tylko pozosta\u0142o\u015b\u0107 dawnego uk\u0142adu przestrzennego, ale r\u00f3wnie\u017c opowie\u015b\u0107 o ludziach, kt\u00f3rzy go tworzyli. Przej\u015bcie przez historyczny teren Starego i Nowego Rynku to przede wszystkim szansa do praktycznego zweryfikowania wiedzy nabytej na szkolnych lekcjach czy z ksi\u0105\u017ckowych publikacji. Nasz miejscowy przewodnik otworzy przed Pa\u0144stwem bram\u0119 do miasta, kryj\u0105cego w sobie wiele niezg\u0142\u0119bionych tajemnic i wyja\u015bni wiele dyskretnych niuans\u00f3w, kt\u00f3re zaprz\u0105taj\u0105 umys\u0142 niejednego globtrotera. Je\u015bli jeste\u015b M\u0142awianinem b\u0105d\u017a turyst\u0105, a nie wiesz gdzie szuka\u0107 \u015blad\u00f3w inspiracji sztuk\u0105 kaszubsk\u0105 w p\u00f3\u017anobarokowym ko\u015bciele \u015bw. Tr\u00f3jcy, a nazwisko Marymont nic Ci nie m\u00f3wi koniecznie zapytaj o to naszego lokalnego informatora.<\/p>\n\n\n\n<p>Propozycja wycieczki po Starym Mie\u015bcie to doskona\u0142a okazja do wys\u0142uchania anegdot, legend i opowie\u015bci o osobowo\u015bciach, kt\u00f3re swoj\u0105 dzia\u0142alno\u015bci\u0105 na sta\u0142e wpisa\u0142y si\u0119 do historii tego malowniczego zak\u0105tka P\u00f3\u0142nocnego Mazowsza.<\/p>\n\n\n\n<p>Trasa wycieczki obejmuje prezentacje nast\u0119puj\u0105cych obiekt\u00f3w:<\/p>\n\n\n\n<ul class=\"wp-block-list\"><li>plac g\u0142\u00f3wny \u2013 Ko\u015bci\u00f3\u0142 \u015aw. Tr\u00f3jcy i Ratusz Miejski,<\/li><li>przej\u015bcie przez wszystkie cztery pierzeje rynku oraz ulic\u0119 3 Maja,<\/li><li>spacer Zabytkowym Parkiem Miejskim<\/li><\/ul>\n\n\n\n<p>Nasz\u0105 ofert\u0119 kierujemy do klient\u00f3w indywidualnych, grup zorganizowanych, uczni\u00f3w szk\u00f3\u0142 i ich opiekun\u00f3w. Cena us\u0142ugi jest zale\u017cna od liczby godzin i wielko\u015bci grypy. Prosimy o wcze\u015bniejsze rezerwacj\u0119 termin\u00f3w \u2013 najp\u00f3\u017aniej 24 godziny przed planowan\u0105 wycieczk\u0105. Rezerwacji dokonujemy telefonicznie, dzowni\u0105c pod numer 23 654 35 85 b\u0105d\u017a mailowo, przesy\u0142aj\u0105c wiadomo\u015b\u0107 na adres&nbsp;<a href=\"mailto:pit@mdkmlawa.com\">pit@mdkmlawa.com<\/a>&nbsp;w godzinach otwarcia od 8.00 -16.00 w ka\u017cdy dzie\u0144 roboczy.&nbsp;<\/p>\n\n\n\n<p><strong>Ceny<\/strong><\/p>\n\n\n\n<p>Propozycja docelowa &#8211; adekwatna do programu wycieczki<\/p>\n\n\n\n<ul class=\"wp-block-list\"><li>&nbsp;klient indywidualny b\u0105d\u017a grupy do 20 os\u00f3b \u2013 100 z\u0142\/1,5 h<\/li><\/ul>\n\n\n\n<p>*Cena us\u0142ugi ulega zmianie w przypadku, gdy dostosowujemy si\u0119 do&nbsp; propozycji klienta i uwazgl\u0119dniamy poszerzenie programu wycieczki o dodatkowe atrakcje.<br><br><strong>Dodatkowe atrakcje<\/strong><\/p>\n\n\n\n<ul class=\"wp-block-list\"><li>Wizyta w Muzeum Ziemi Zawkrze\u0144skiej<\/li><li>Spacer szlakiem &#8222;polskiej linii Maginota&#8221; (bunkry, mauzoleum)<br>We wrze\u015bniu 1939 r. znajdowa\u0142y si\u0119 tutaj stanowiska obronne II Batalionu 80 PP, kt\u00f3rego dow\u00f3dc\u0105 by\u0142 mjr. J\u0119drzejczyk. Jeden ze znajduj\u0105cych si\u0119 tutaj schron\u00f3w, o brakuj\u0105cej tylnej \u015bcianie zosta\u0142 zaadaptowany na Mauzoleum \u017bo\u0142nierzy Wrze\u015bnia. Obok obiektu, na przedpolu M\u0142awy usytuowany zosta\u0142 tak\u017ce pomnik Piechura autorstwa prof. Kazimierza Zieli\u0144skiego. Obok bunkru, g\u0142\u00f3wnym akcentem architektonicznym jest ustawione obok dzia\u0142ko przeciwlotnicze. Projektantami mauzoleum byli architekci Barbara i Andrzej Wachnowie. Powsta\u0142o ono z inicjatywy Towarzystwa Przyjaci\u00f3\u0142 Ziemi M\u0142awskiej. Przy p\u00f3\u0142nocnej kraw\u0119dzi lasu znajduj\u0105 si\u0119 nast\u0119pne dwa obiekty, stanowi\u0105ce kolejny odcinek \u0142\u0105cznikowy.<\/li><\/ul>\n","protected":false},"excerpt":{"rendered":"<p>Stary Rynek to bij\u0105ce serce ka\u017cdego miasta, miejsce spotka\u0144 mieszka\u0144c\u00f3w i historyczne centrum, nosz\u0105ce w sobie zapis wydarze\u0144 sprzed kilku wiek\u00f3w. Niezmiennie od lat jest punktem postoju na mapie podr\u00f3\u017cy&#8230;<\/p>\n","protected":false},"author":1,"featured_media":25,"parent":197,"menu_order":0,"comment_status":"closed","ping_status":"closed","template":"","meta":{"_acf_changed":false,"_kad_blocks_custom_css":"","_kad_blocks_head_custom_js":"","_kad_blocks_body_custom_js":"","_kad_blocks_footer_custom_js":"","_kad_post_transparent":"","_kad_post_title":"","_kad_post_layout":"","_kad_post_sidebar_id":"","_kad_post_content_style":"","_kad_post_vertical_padding":"","_kad_post_feature":"","_kad_post_feature_position":"","_kad_post_header":false,"_kad_post_footer":false,"_kad_post_classname":"","footnotes":""},"class_list":["post-89","page","type-page","status-publish","has-post-thumbnail","hentry"],"acf":[],"featured_image_src_large":["https:\/\/mdkmlawa.com\/turysta\/wp-content\/uploads\/sites\/4\/2021\/02\/oferta.jpg",400,268,false],"author_info":{"display_name":"efactory_tsz","author_link":"https:\/\/mdkmlawa.com\/turysta\/author\/efactory_tsz\/"},"comment_info":0,"taxonomy_info":[],"_links":{"self":[{"href":"https:\/\/mdkmlawa.com\/turysta\/wp-json\/wp\/v2\/pages\/89","targetHints":{"allow":["GET"]}}],"collection":[{"href":"https:\/\/mdkmlawa.com\/turysta\/wp-json\/wp\/v2\/pages"}],"about":[{"href":"https:\/\/mdkmlawa.com\/turysta\/wp-json\/wp\/v2\/types\/page"}],"author":[{"embeddable":true,"href":"https:\/\/mdkmlawa.com\/turysta\/wp-json\/wp\/v2\/users\/1"}],"replies":[{"embeddable":true,"href":"https:\/\/mdkmlawa.com\/turysta\/wp-json\/wp\/v2\/comments?post=89"}],"version-history":[{"count":3,"href":"https:\/\/mdkmlawa.com\/turysta\/wp-json\/wp\/v2\/pages\/89\/revisions"}],"predecessor-version":[{"id":405,"href":"https:\/\/mdkmlawa.com\/turysta\/wp-json\/wp\/v2\/pages\/89\/revisions\/405"}],"up":[{"embeddable":true,"href":"https:\/\/mdkmlawa.com\/turysta\/wp-json\/wp\/v2\/pages\/197"}],"wp:featuredmedia":[{"embeddable":true,"href":"https:\/\/mdkmlawa.com\/turysta\/wp-json\/wp\/v2\/media\/25"}],"wp:attachment":[{"href":"https:\/\/mdkmlawa.com\/turysta\/wp-json\/wp\/v2\/media?parent=89"}],"curies":[{"name":"wp","href":"https:\/\/api.w.org\/{rel}","templated":true}]}}